p). Is x(h) a prime number?
False
Is 124/(-62) + 3*8373 composite?
False
Suppose 11 = 7*u - 3. Suppose 3*c - 3*w = 1944, 652 = -c + u*c + 3*w. Is c composite?
True
Suppose -7*b + 5*b + 70047 = f, 4*b - 140097 = -5*f. Is b composite?
False
Let c(h) be the first derivative of 7*h**3/3 - 13*h + 2. Let p be c(6). Suppose -4*t + p = -405. Is t prime?
False
Suppose -5*r = -10, -6*i + 2*i - 2*r = -16820. Suppose 2*y + 2*b = i, -3*y + 5*b = 4*b - 6306. Is y prime?
False
Let j(z) = 4*z**3 + 2*z**2 + z - 2. Let v be j(1). Suppose -5*u - 10115 = -v*a, -a + 8090 = 3*a - 3*u. Is a prime?
False
Suppose 4*i + 8*q = 6*q + 4636, 3479 = 3*i + 2*q. Suppose -2*d + 5*z = -3*d + 354, -4*z = -3*d + i. Is d composite?
False
Suppose -2*t + t = -1, -5*y - 3994 = t. Is y/51*(-138)/2 prime?
False
Let a(y) = y + 1. Let n(h) = 5*h**2 + 4*h - 4. Let f = 4 + 1. Let z(j) = f*a(j) + n(j). Is z(-6) a composite number?
False
Suppose -8*u + 78351 - 19015 = 0. Is u prime?
True
Suppose -5*q + s - 71 - 263 = 0, 5*s = -4*q - 244. Let n = q - -235. Is n prime?
False
Suppose -7 = -5*a + 5*b + 18, -4*b - 20 = 2*a. Is -55*(a + 2)/(-2) prime?
False
Is 116920/6 + 0 - (-43)/129 a composite number?
True
Let j = -97 - -537. Suppose 0 = m + 2*m - 3*g - 651, 5*g = 2*m - j. Is m a composite number?
True
Let y be (-4)/(-16) - (-50)/(-8). Is 2782/5 - y/10 a composite number?
False
Let v be -5*(-18)/(-9)*1/(-2). Suppose v*d = 4*r + 8831, 5*d - 12002 = r - 3183. Is d composite?
True
Let t(a) = -15083*a + 74. Is t(-1) composite?
True
Suppose 5*o = 2*o - 90. Let x = o - -32. Suppose -k = 4*d - 6*k - 1208, -x*k + 8 = 0. Is d composite?
False
Let o = -181 + 564. Is o composite?
False
Let p(z) = 9*z - 45. Let f be p(6). Suppose -61580 = -11*x - f*x. Is x a composite number?
False
Is 14/3*(-255963)/(-82) - 1 composite?
True
Let t = 16 + -7. Let a be -1*9*(-8 + t). Let v(o) = 7*o**2 + o - 1. Is v(a) a prime number?
True
Suppose -19843 = -12*u + 28265. Is u composite?
True
Suppose -f + f = 2*f. Suppose -3*t + 4*g + 951 = f, -g - 634 = -2*t + 4*g. Is t composite?
False
Suppose -15 = -4*a - f, -a + 0*f = 4*f - 15. Suppose -m = -o - 11, 4*m - 40 = -0*m + a*o. Suppose -m*y = -4*y - 1191. Is y composite?
False
Is (11572 - 14)/(5 + -3) a composite number?
False
Suppose -2*q - 4 = -o - 0*q, -o + 5*q = 2. Let c = o + -8. Suppose -5*s = 25, c = 3*r + 2*s - 305 + 48. Is r prime?
True
Let x = 233 + 1052. Let d = 2846 - x. Is d a composite number?
True
Let v(z) = 16 + 27*z + 5*z - 3 + 4*z. Suppose 2*b - 4*b + 22 = 0. Is v(b) a composite number?
False
Suppose 2064 + 3000 = -5*j - l, 0 = -2*j - l - 2025. Let r = -334 - j. Is r composite?
True
Suppose -2*m + 2738 = -1388. Is m prime?
True
Let z = 26 - 24. Let a be (-7)/((-21)/(-444))*z. Let s = 669 + a. Is s a prime number?
True
Let a be 46 + -3 - (1 + 0). Suppose h = 3*j + 16, 5*h + 2*j - 64 = 3*h. Let y = a - h. Is y a prime number?
False
Suppose -3099 = -s - 2*l, 0 = -5*s + 4*l + 15966 - 401. Is s a composite number?
False
Let m(r) = 11*r**3 - 3*r**2 + 7*r + 1. Let x(n) = -10*n**3 + 3*n**2 - 7*n. Let z(j) = -5*m(j) - 6*x(j). Is z(6) a composite number?
False
Suppose -a = -h - 32598, -97*h = -99*h + 10. Is a a prime number?
True
Let p(v) be the second derivative of v**6/60 - v**5/24 + v**4/6 - 5*v. Let y(u) be the third derivative of p(u). Is y(7) composite?
False
Let d = 1039 - 428. Is d a composite number?
True
Suppose -21*z + 48 = -15*z. Is 10884/z*(-6)/(-9) composite?
False
Let z(f) = 37*f**2 + 3*f + 5. Let p be z(-4). Let t = p + -245. Suppose 2*w - v = 725, w + v = 6*v + t. Is w prime?
False
Let p be (-3 + 9)/(4/(-190)). Let r = 918 + p. Is r + -1 + (1 - -2) composite?
True
Let c(h) be the first derivative of h**3/3 + 9*h**2/2 + 12*h - 8. Let u be c(-8). Suppose -u*q = -q - 4*l - 889, 2*q - 562 = -5*l. Is q a composite number?
True
Let c = 228 - 231. Let s(n) = -n**2 + 7*n - 4. Let p be s(5). Is (2 + -1384)*c/p composite?
False
Is (-3057897)/(-146) + 10/4 prime?
True
Suppose -35*c = -2762 - 1368. Is c composite?
True
Let w = 2115 + -1111. Suppose -w = -8*t + 3660. Is t a prime number?
False
Let g = 11392 - 6766. Suppose 4*r - g + 50 = -4*q, -r = 3*q - 1150. Is r prime?
False
Let j(o) = -33*o**3 - o**2 - 13*o + 7. Is j(-4) composite?
True
Suppose -2*q = h + 3*q - 27, -2*q + 10 = 0. Suppose 2*a - 5*v - 2193 = -h*a, 2*a - v = 1095. Is a a composite number?
False
Suppose 454426 = -2610*c + 2624*c. Is c composite?
True
Is (6/(-9))/(-7 + (-512644)/(-73236)) prime?
False
Suppose 566603 = 56*s + 118099. Is s composite?
False
Suppose 5*j = -f - 1226, 3*f - 69 + 549 = -2*j. Let s = j - -545. Is s a composite number?
True
Let m(y) = 178*y - 29. Let o be m(14). Suppose 11*c - 14*c = -o. Is c composite?
False
Suppose 0*a + a = 3*y + 8, -4*a + 53 = -5*y. Let n = -14 + a. Suppose -n*l + 402 = 3*j, 259 = 3*j - j - l. Is j composite?
False
Let j(n) = -316*n**2 + n - 8. Let s be j(17). Is (s/(-20))/7*4 a composite number?
False
Suppose 0 = m - 6*h + 9*h - 2923, 0 = -5*h + 10. Is m a composite number?
False
Suppose 8 = 4*s + 4. Let w(u) = -289*u + 2. Let t(q) = -q - 1. Let d(z) = -3*t(z) - w(z). Is d(s) a prime number?
True
Let t(n) = 4*n**2 + 65*n + 11. Is t(12) a composite number?
False
Let j be (-1)/((-1)/(-4)*-1). Suppose 0 = j*d - 3*d. Suppose -35 = -d*m - m. Is m composite?
True
Let j(c) = 253*c**2 - 26*c + 64. Is j(-13) composite?
False
Let c be -163*1/((-3)/12). Suppose -c = 2*a - 4346. Is a a prime number?
True
Suppose -2*p - 90 = -3*p. Is 236/(-6)*p/(-12) prime?
False
Suppose -3*s = 0, 9*s - 5*s = n - 8. Let w(h) = 696*h + 1. Let l be w(2). Suppose a - n*a = -l. Is a a composite number?
False
Let c(i) = -i**2 + 19*i - 20. Let m be c(14). Is m + (-1 + -2 - -6) composite?
False
Let y = 215 - -116. Is y composite?
False
Let v(l) = -l**3 - l**2 + 3*l - 1. Let w be v(-3). Is (-6481)/(-3) - (w/6 - 2) composite?
False
Let t be 489/(-3)*-1 + 0. Let k be 0/(-7) + 2*t. Suppose -2*r + k = 8. Is r prime?
False
Suppose -x = -2*v - 11673, 5*x + 2*v - 12972 = 45381. Is x a composite number?
True
Suppose -4*s + s = 9, -h = -5*s - 723. Suppose 3*g + g = h. Suppose 0 = -c - 3*q + 56, -4*c + q + 34 = -g. Is c prime?
True
Let r(j) be the third derivative of -11*j**4/8 - 2*j**3/3 - 3*j**2. Let o(h) = 65*h + 9. Let v(i) = 3*o(i) + 5*r(i). Is v(3) a prime number?
True
Let h(j) = -j + 14. Let c be h(6). Suppose 0 = -4*z + c*z - 1676. Is z a prime number?
True
Let d(s) = 3103*s + 6. Is d(1) a composite number?
False
Is 8 + (-1)/((-6)/117450) composite?
False
Suppose -9*b + 12308 = -5*b. Suppose 0 = 4*v - 1527 - b. Is v composite?
False
Let r(c) = c**2. Let x(i) = 3*i**2 - 12*i + 11. Let b(z) = -2*r(z) + x(z). Let j be b(13). Is j/84 + (-3118)/(-14) a prime number?
True
Suppose -2*m - 21 = -1287. Is 4/(3 - -1) + -3 + m composite?
False
Let y be (-4809)/(-6) + (-12)/8. Suppose -5845 - y = -5*u. Suppose -c = 2*c - u. Is c a prime number?
True
Suppose -3*b = 2*l - 19, 0 = 3*b + 5*l - 23 - 2. Suppose -4366 = -b*y - 801. Is y composite?
True
Suppose 282*q = 285*q + 18. Is 683*6*(-1)/q a prime number?
True
Suppose -4*d + 3183 = -7*d. Let a = -414 - d. Is a a composite number?
False
Let t(y) = 107*y**3 + 2*y**2 - y. Let v be t(1). Let u be 2 + (-2 - -3) + v. Suppose -2*z = -493 + u. Is z a prime number?
True
Let d(o) = o**2 - 3*o + 14. Let s be d(3). Is (s - 1)/((-3)/(-321)) prime?
False
Let k(w) be the second derivative of -1/20*w**5 + 7/6*w**4 + 0 - 5/6*w**3 + w**2 - 4*w. Is k(13) composite?
True
Let h(q) = 22*q**3 + q**2 + 4*q + 5. Let s be h(5). Suppose -4*w + 0*w = -s. Suppose 2*n = 4*v - 1234, 3*v - 4*n - w = 233. Is v a composite number?
False
Let y be -5*1/((-5)/(-178)). Let t = -81 - y. Is t a prime number?
True
Suppose 5*j = -3*b - 72, 4*b = -5*j + 3*j - 26. Let p(c) = 35*c**2 + 24*c - 16. Is p(j) a prime number?
True
Let m(p) = p + 1. Let k(v) = -30*v**2 - 5*v - 6. Let l(o) = -k(o) - 3*m(o). Suppose 0 = 4*t - j + 15, -t = -4*j + 14 + 1. Is l(t) a prime number?
False
Let r(l) = -2*l**3 - 3*l**2 + 4*l - 2. Let i be r(-4). Suppose 3*d + 3*g + 2 = 8, -30 = 5*d - 5*g. Is i/10*(7 + d) a composite number?
False
Let u(x) = 224*x**2 + 9*x + 32. Is u(-3) prime?
False
Let v = -11 + 16. Is (-4)/30*-3 - (-3363)/v a composite number?
False
Let d(r) = 909*r - 32. Is d(1) prime?
True
Let d(g) = -g**3 - 7*